 + 12. Let o(h) = -11*h**2 + 8*h + 11. Let d(m) = 5*a(m) - 6*o(m). Calculate d(4).
18
Let v(y) = y**3 + y**2 + 3*y. Let b(r) = -3*r**3 - 3*r**2 - 7*r. Let k(l) = -2*b(l) - 5*v(l). Suppose -3*d + 0*d + 3 = 0. Calculate k(d).
1
Let n(g) = -4*g + 1. Let o(k) = -2*k + 1. Let f(c) = -n(c) + 3*o(c). Determine f(-6).
14
Let o(c) = c + 14. Let b(h) = h**3 - 4*h**2 - 44*h + 6. Let q be b(9). What is o(q)?
29
Let x = 87 - 85. Let u(z) = -333*z**2 + x - 1 + 324*z**2. What is u(-1)?
-8
Let f(x) = x**3 - 9*x**2 + 11*x - 12. Let i be f(8). Let k(t) = -t**2 + 9*t + 37. Give k(i).
1
Let x(h) be the third derivative of -5/6*h**3 - 7/24*h**4 + 0 + 10*h**2 + 0*h + 1/60*h**5. Let f(n) = 2*n - 3. Let v be f(5). What is x(v)?
-5
Let c = 535/408 + 3/136. Let f(i) be the first derivative of 2 - i**2 - 1/4*i**4 + i - c*i**3. Calculate f(-2).
-3
Let q(i) = -7*i**3 - 8*i**2 - 2*i - 5. Let d(a) = -16*a**3 - 16*a**2 - 2*a - 10. Let m(v) = 3*d(v) - 7*q(v). Calculate m(-7).
-2
Let k(f) = -f + 4. Let o(n) = -n**2 + n + 5. Let t be o(3). Let w(h) = -2*h**2 - 3*h**2 + 2*h + 3*h**2 - h. Let z be w(t). What is k(z)?
7
Let d(t) = -481*t**2 + t + 942*t**2 - 512*t**2. Give d(1).
-50
Suppose 3*w + 24 = -q, -5*q = -15*w + 11*w + 63. Let j(d) = 2*d + 28. Give j(q).
-2
Let o(a) = -a + 4. Suppose k - 6 - 2 = 0. Suppose -k*b + 4*b + 12 = 0. Suppose -b*p - 21 = -3*m, -4*p - 33 = -2*m - 3*m. Give o(m).
-1
Suppose -4*w - 8 = -3*a - 27, 5*w = -a. Let p(o) = -3*o**2 - 37*o + 23. Let l(c) = c**2 + 13*c - 8. Let b(j) = -11*l(j) - 4*p(j). Give b(a).
-4
Suppose -13 = 27*v - 121. Let o(t) = 5 - 1 + t - 5. Calculate o(v).
3
Let u(q) be the first derivative of 3*q + 0*q**2 + 4/3*q**3 - 1/4*q**4 + 9. Determine u(4).
3
Let p(o) = -o**3 + o**2 - 2*o + 4. Suppose -3*h = 8*v - 17, -4*h + 5*h = 3*v. What is p(h)?
-20
Suppose 16*d = 9*d + 70. Let x(p) = -12 + 18 + 2*p - d. Determine x(2).
0
Let i(p) = -p**2 - 8*p - 7. Let g be (8 - 9)/((-2)/2) - 8. Give i(g).
0
Suppose 1 + 6 = -7*l. Let m(g) = -4*g - 4. Suppose 4*k = 0, -3*k + 1 - 4 = -q. Let t(n) = -1. Let z(b) = l*m(b) + q*t(b). What is z(2)?
9
Let a(x) be the third derivative of 5/6*x**3 + 0*x + 0 + x**2 + 1/12*x**4. Let s(i) = -3*i**2 + 21*i - 6. Let t be s(7). Calculate a(t).
-7
Let s(q) = -5*q - 2. Let r(m) = -7*m - 4. Let c(f) = -2*r(f) + 3*s(f). Suppose 2*n - 2 = -10, -x + n + 11 = 0. Let p be (-4)/(-2)*1 - x. Give c(p).
7
Let y = 9 - 13. Let w be y + -1 + 3 + 3. Let k(b) = -9*b**3 + 0 + 10*b**3 - w + 3*b**2. Calculate k(-3).
-1
Let l(a) = a**2 + a - 2. Let o(b) be the third derivative of b**4/4 + 3*b**3/2 + 25*b**2 + 2*b. Let z be o(-2). Determine l(z).
4
Let o(u) be the first derivative of u**4/4 - u**3 - 7*u**2/2 + 6*u + 10. Calculate o(4).
-6
Let k = -10 + 15. Suppose -12 = b - 4*l, 0 = 6*b - 2*b - k*l + 15. Let j(y) be the third derivative of -y**6/120 - y**4/24 + y**3/2 + 584*y**2. Calculate j(b).
3
Let d(z) be the third derivative of -z**6/120 + z**5/15 - z**4/8 + z**3/3 + 14*z**2. Let q be (8/12)/((-4)/(-18)). Calculate d(q).
2
Suppose -2*b = p - 5, -7 = -4*b - p - 2. Suppose -d - 4*s + 11 = b, 5*d + 0*d + 4*s - 23 = 0. Let j(c) = -2*c**2 + 3*c. Give j(d).
-9
Let y = 11 - 6. Let f(u) = 19*u**2 - y*u - 39*u**2 + 21*u**2. Determine f(5).
0
Let q(n) = 3*n**2 - 2*n + 1. Let a be q(1). Let y(r) = 0*r**2 - 6 + 7*r**2 - 5*r**2 - 3*r**a - 7*r. Give y(-6).
0
Let q be 141/21 - (-4)/14. Let x(g) = 3*g**3 - q*g**3 + 2*g**3. Suppose -7 = -o + 5*j - 6, j = 0. What is x(o)?
-2
Suppose 62 = -3*l + 4*s, -2*l + 2*s = -5*l - 50. Let r(m) = m**3 + 18*m**2 - m - 19. Determine r(l).
-1
Let t(j) = -2*j + 5. Let z(s) = s - 2. Let a(x) = -3*t(x) - 5*z(x). Suppose -34 = -5*o - 9. Suppose 0 = -o*r + 6*r. Give a(r).
-5
Let t(s) = -s - 2. Let a(v) = v**3 - 13*v**2 + 4*v + 29. Let o(n) = -a(n) - 6*t(n). Give o(13).
9
Let o(q) = -15*q - 16*q + 27 + 51*q - 9*q**2 - q**3 - 8*q - 17*q. Determine o(-8).
3
Let j = 1 + 3. Suppose -x - x + j = 0. Let a(r) = 0*r**2 + 4*r - 2*r**x + 0*r**2. What is a(3)?
-6
Let k(j) = -20*j - 1. Suppose -4*w + 1 + 8 = -q, 0 = -3*w - 2*q - 7. Calculate k(w).
-21
Let o(j) = j**3 + 3*j**2 - 3*j + 9. Let m(y) = 2*y**3 + 4*y**2 - 4*y + 10. Suppose 7 - 5 = s. Let i(q) = s*m(q) - 3*o(q). Calculate i(0).
-7
Suppose r - 64 = 5*h - r, 3*h + 36 = 2*r. Let i = h + 19. Suppose -5*v - 5*z + i = 0, 0*z - 15 = 3*v - 3*z. Let o(c) = -c**2. Calculate o(v).
-4
Let t(z) = -z**2 + z + 1. Let w be t(3). Let q(c) = c**2 + 4*c - 6. Calculate q(w).
-1
Let z(r) = 1287*r + r**2 + 4 - 647*r - 638*r. Determine z(-3).
7
Let m(q) = -2*q**2 - 3*q**2 + 3 + 6*q**2. Let s = 13 - 6. Suppose 3*h - s*h = 12. What is m(h)?
12
Let h(q) = -q**2 + 2*q + 4. Let y be h(4). Let l(p) be the second derivative of -1/12*p**4 + 0 + 2*p + 0*p**2 - 2/3*p**3. Give l(y).
0
Let v(w) = 16*w - 622. Let p be v(39). Let d(q) be the second derivative of 2*q**p + 0 - 8*q - 1/3*q**3. Determine d(-4).
12
Suppose 21 = 4*o + 13. Suppose -1 + 13 = -o*j. Let p(i) = 2*i + 8. What is p(j)?
-4
Let q(l) = -l - 8. Let v be 1 - ((-538)/(-10) + (-8)/10). Let r = v - -46. Give q(r).
-2
Let f = -46 - -52. Let h(x) = 2*x**3 + x**2 - 5*x - 9 + f + 2*x**2 + 0*x**2. Determine h(-3).
-15
Suppose 9*b - 13 = -4*b. Let p(c) = -c**3. Let v(g) = -8*g**3 - g**2 + 2*g - 1. Let s(q) = -2*p(q) + v(q). Calculate s(b).
-6
Let l(q) be the third derivative of 0 - 1/120*q**6 + 11*q**2 + 0*q**4 + 11/6*q**3 + 0*q**5 + 0*q. What is l(0)?
11
Let j(z) = z**2 - 4*z + 3. Let b(d) = -d**2 + 8*d + 3. Suppose 3*g - g - 8 = 0. Suppose 0 = -5*h + 44 - g. Let q be b(h). Give j(q).
0
Let n(p) = -p**2 - 5*p + 6. Let w be (-1 - 0)/(10/8)*-115. Suppose -112 + w = 4*u. Give n(u).
6
Suppose 241 = -54*o - 353. Let n(h) = 4*h - 3. Give n(o).
-47
Let v(r) = 2*r**3 - r**2 + 3*r - 1. Let s(o) = 2*o + 2. Let f(d) = 2*d - 16. Let k be f(8). Let m be s(k). Calculate v(m).
17
Suppose -2*l + l = 4*g - 153, 113 = 3*g - l. Let p = -41 + g. Let k(x) = 4*x**2 + 0*x**2 - 4*x + 1 - 6*x**2. Calculate k(p).
-5
Let t = 32 - 30. Let s(g) = 7*g + 17. Let n(p) = 3*p + 8. Let u(v) = t*s(v) - 5*n(v). What is u(0)?
-6
Suppose -3*f + 16 = -5. Let w(z) = z**2 - 21*z + 46. Let b be w(19). Let p(j) = -4*j**2 - j**3 + 11*j**2 - b + 9 - 6. Give p(f).
-5
Let y(n) = -n**3 + 4*n**2 + 4*n + 2. Suppose -442 - 293 = 5*r. Let l = -143 - r. What is y(l)?
18
Let l(k) = -k**3 + 8. Let u be l(0). Suppose c + 3 - 1 = 0, -u = -a + 3*c. Let j(d) = -23*d - 1 - 2 - 4*d**2 + 27*d - d**2 + d**3. Determine j(a).
-7
Let t(g) = -1 - 3*g + g + g. Suppose 0 = -0*n - n + 18. Let d be n/4*(-4)/(-9). Calculate t(d).
-3
Let b = 24 - 24. Let j(r) = b*r + 0*r - 4 + 3 - 11*r**2. Let d = 3 - 2. What is j(d)?
-12
Let p(r) be the first derivative of 36 + 4*r**2 - 7/3*r**3 + 1/4*r**4 - 9*r. Suppose -i = -11 + 5. Calculate p(i).
3
Let t(m) = 4*m - 4 + 2*m**2 - m**2 + 6. Let q(a) = a**3 - 9*a**2 + 13*a + 14. Let p be q(7). Suppose -18 = -4*w + p*w. What is t(w)?
14
Let z(f) = 4 + 7 - 14 + 7 + 3*f**2 - 2*f**2 + 4*f. Suppose 0*o - 16 = -4*o - 3*d, 0 = -3*o - 2*d + 12. Let c = 0 - o. What is z(c)?
4
Let s be (7 + 0 + -1)/2. Let w be (-24 + s)*1/(-3). Let z(i) = -5*i + 9. What is z(w)?
-26
Let l(h) be the first derivative of 1/2*h**2 - 2 - h. Determine l(7).
6
Let b(c) = -4*c - 1. Let s(i) = -6*i - 1. Let g(u) = 5*b(u) - 6*s(u). Determine g(1).
17
Suppose -3*p - 8*w - 13 = -7*w, -4*p + 1 = 5*w. Let c(s) be the third derivative of s**5/60 + 5*s**4/24 + 5*s**3/6 - s**2. Determine c(p).
11
Let w = -1429 - -1436. Let u(t) = -t**2 - 3*t + 12. What is u(w)?
-58
Let b(f) = f**3 + 16*f**2 - 18*f - 13. Let v be b(-17). Suppose 79 = -v*c + 103. Let i(u) = u**3 - 6*u**2 + 2*u + 1. Give i(c).
13
Let d(y) = -y + 4. Let v(b) be the third derivative of b**4/24 + 9*b**2. Let i be v(9). Give d(i).
-5
Let s(p) = p**3 + p**2 + p - 3. Let z be s(2). Let a(o) = o + z + 11 - 21 + 2*o. Let u(h) = h**2 - 8*h + 4. Let v be u(7). Determine a(v).
-8
Let v(u) = 8*u + 7*u - 6 - 13*u. Suppose 0 = -6*r - 5 + 29. Calculate v(r).
2
Let t(r) be the third derivative of r**6/15 + r**5/60 - r**4/24 - r**3/6 + 14*r**2 - 1. Determine t(-1).
-7
Let n(k) = -k**3 + 8*k**2 - 8*k + 9. Let i(r) = -r**3 - 7*r**2 - 8*r - 5. Let w be i(-6). Determine n(w).
2
Let p(f) = f**2 + 10*f + 27. Let q be p(-6). Suppose 0 = -0*k - q*k - b - 23, -k = -5*b - 3. Let n(o) = -o**3 - 8